1460?
126
Calculate the highest common divisor of 1275001 and 26.
13
Calculate the highest common divisor of 32594 and 86.
86
What is the highest common factor of 434 and 13857?
31
What is the highest common divisor of 17 and 28286?
1
Calculate the highest common divisor of 108528 and 2472.
24
What is the highest common factor of 1736 and 6448?
248
Calculate the greatest common factor of 8 and 18280.
8
What is the highest common factor of 157857 and 168?
21
What is the greatest common divisor of 8701 and 1232?
77
What is the highest common factor of 7272 and 1428039?
909
Calculate the highest common factor of 102 and 2298.
6
What is the greatest common divisor of 4763 and 1081634?
433
Calculate the greatest common factor of 279500 and 1204.
172
Calculate the highest common divisor of 28 and 35042.
14
What is the highest common divisor of 28 and 165368?
28
Calculate the greatest common factor of 177 and 337303.
59
What is the highest common factor of 60258 and 5082?
726
What is the highest common divisor of 2250 and 71154?
18
What is the highest common divisor of 2234 and 10?
2
Calculate the highest common factor of 325053 and 162.
81
What is the highest common factor of 107004 and 1110?
222
What is the highest common divisor of 8800 and 8272?
176
What is the greatest common divisor of 18425 and 72963?
737
What is the highest common divisor of 2695651 and 2135?
427
What is the highest common factor of 653 and 4589284?
653
What is the greatest common factor of 539 and 7399?
49
What is the greatest common factor of 8 and 20865128?
8
What is the greatest common factor of 719442 and 891?
81
Calculate the greatest common factor of 126707 and 69.
23
What is the greatest common factor of 36916 and 66?
22
Calculate the greatest common factor of 32295 and 30.
15
What is the greatest common factor of 60 and 1580060?
20
What is the greatest common factor of 1539 and 8217?
9
Calculate the greatest common divisor of 432 and 189.
27
What is the highest common divisor of 441828 and 12?
12
Calculate the greatest common divisor of 75 and 4777525.
25
Calculate the highest common factor of 4130 and 82010.
590
Calculate the highest common divisor of 9022555 and 67.
67
Calculate the greatest common factor of 4548 and 30.
6
What is the highest common factor of 335 and 9179?
67
What is the highest common divisor of 427 and 1220?
61
What is the highest common factor of 30 and 26958?
6
What is the greatest common divisor of 42400 and 2720?
160
What is the highest common factor of 1432 and 32128?
8
Calculate the highest common divisor of 19 and 8759.
19
Calculate the greatest common factor of 10489 and 1394.
17
What is the greatest common divisor of 7141 and 1517?
37
Calculate the highest common factor of 3556 and 1624.
28
Calculate the greatest common factor of 143822 and 42.
14
What is the highest common factor of 265598 and 711?
79
Calculate the greatest common divisor of 59485 and 250.
5
Calculate the greatest common divisor of 9 and 428949.
9
Calculate the highest common divisor of 164460 and 75.
15
Calculate the highest common factor of 21432 and 72.
24
What is the greatest common divisor of 720 and 23265?
45
What is the highest common divisor of 68471 and 2093?
299
What is the highest common factor of 4000050 and 2700?
1350
Calculate the greatest common factor of 11144 and 195816.
1592
What is the greatest common divisor of 8285025 and 15?
15
What is the highest common factor of 261684 and 216?
108
Calculate the highest common divisor of 864 and 4716.
36
Calculate the highest common factor of 35 and 1204770.
35
What is the greatest common divisor of 13 and 209833?
13
Calculate the highest common factor of 7029 and 441.
9
What is the highest common factor of 10323 and 18315?
333
Calculate the greatest common divisor of 7545012 and 276.
276
Calculate the greatest common divisor of 8415 and 2409.
33
What is the highest common factor of 384006 and 16056?
1338
Calculate the highest common divisor of 128 and 4216.
8
Calculate the greatest common factor of 676 and 11323.
169
Calculate the highest common divisor of 2561 and 16351.
197
Calculate the highest common divisor of 12462 and 3162.
186
Calculate the greatest common divisor of 25604 and 148.
148
Calculate the greatest common divisor of 99225 and 109025.
1225
Calculate the highest common divisor of 2823765 and 105.
105
Calculate the highest common divisor of 4557 and 744.
93
Calculate the highest common divisor of 91264 and 46.
46
What is the greatest common divisor of 192 and 4764?
12
Calculate the highest common factor of 80205 and 35.
5
What is the greatest common divisor of 85557 and 158?
79
Calculate the greatest common divisor of 214 and 8446.
2
What is the greatest common divisor of 6975 and 29925?
225
Calculate the highest common divisor of 539 and 4455.
11
Calculate the greatest common divisor of 17255617 and 83.
83
Calculate the highest common factor of 819 and 65611.
91
What is the highest common divisor of 994325 and 1705?
155
What is the highest common factor of 965 and 6345?
5
Calculate the highest common factor of 527 and 52669.
31
What is the highest common divisor of 5928 and 38608?
152
Calculate the highest common divisor of 112 and 14278544.
112
Calculate the greatest common divisor of 1489389 and 11.
11
Calculate the greatest common factor of 275886 and 585.
117
What is the greatest common divisor of 3315087 and 81?
81
Calculate the highest common divisor of 525 and 917427.
21
Calculate the highest common factor of 1526 and 34226.
218
Calculate the greatest common factor of 393573 and 3429.
381
Calculate the highest common divisor of 11804 and 60836.
908
What is the highest common factor of 1012 and 4708?
44
Calculate the highest common divisor of 4850 and 450.
50
What is the greatest common divisor of 102487 and 77?
77
Calculate the greatest common factor of 798910 and 7119.
791
Calculate the greatest common factor of 86087 and 248.
31
What is the greatest common factor of 90 and 89880?
30
Calculate the highest common factor of 251 and 32.
1
What is the highest common factor of 290 and 10320?
10
Calculate the highest common factor of 112 and 511.
7
Calculate the highest common divisor of 2247 and 35310.
321
What is the greatest common factor of 10540 and 2290?
10
Calculate the greatest common divisor of 22 and 77594.
22
Calculate the highest common divisor of 246103 and 33.
11
Calculate the highest common divisor of 1292 and 2432.
76
What is the greatest common divisor of 16 and 28152?
8
What is the highest common factor of 882 and 239414?
98
Calculate the highest common factor of 3339756 and 36.
36
What is the greatest common divisor of 4 and 4804?
4
What is the greatest common factor of 4065 and 460158?
813
What is the greatest common divisor of 24647 and 833?
49
Calculate the highest common factor of 10192 and 8372.
364
What is the highest common factor of 599317 and 19?
19
What is the greatest common divisor of 7502 and 115918?
242
What is the greatest common factor of 180 and 7107660?
180
Calculate the greatest common factor of 678975 and 45.
15
What is the highest common divisor of 104763 and 799?
47
What is the highest common factor of 131175 and 4081?
583
Calculate the greatest common divisor of 125543 and 159104.
1243
Calculate the highest common factor of 57584 and 229360.
976
What is the highest common factor of 309 and 42127?
103
Calculate the highest common divisor of 186 and 192.
6
Calculate the greatest common divisor of 7731 and 369.
9
Calculate the highest common divisor of 1264 and 4020784.
1264
Calculate the greatest common factor of 1712 and 321.
107
Calculate the highest common divisor of 5016 and 27.
3
Calculate the greatest common factor of 75 and 598750.
25
What is the greatest common divisor of 7774 and 414?
46
What is the greatest common factor of 931 and 99484?
133
Calculate the greatest common divisor of 107587 and 1355.
271
Calculate the highest common factor of 4664 and 4532.
44
What is the greatest common divisor of 2056 and 47480?
8
Calculate the greatest common divisor of 1624415 and 130.
65
What is the greatest common divisor of 100695 and 1644?
411
Calculate the highest common factor of 2765 and 301.
7
Calculate the greatest common factor of 10 and 307310